661286?
True
Is 3049749 a multiple of 344?
False
Does 11 divide 10998840?
False
Is 875914 a multiple of 11?
False
Is 2 a factor of 19965?
False
Does 24 divide 852312?
True
Does 30 divide 814350?
True
Is 3188265 a multiple of 51?
True
Is 11 a factor of 1940110?
False
Is 619155 a multiple of 75?
False
Is 332 a factor of 396677?
False
Is 105876 a multiple of 17?
True
Is 208197 a multiple of 71?
False
Does 40 divide 396310?
False
Is 45 a factor of 53405?
False
Is 7983902 a multiple of 172?
False
Is 40 a factor of 21282437?
False
Is 116 a factor of 1321615?
False
Is 32936 a multiple of 184?
True
Is 223008 a multiple of 33?
False
Is 972265 a multiple of 105?
False
Is 225 a factor of 11479275?
True
Is 2933469 a multiple of 77?
True
Does 26 divide 78416?
True
Is 2170062 a multiple of 62?
True
Is 291026 a multiple of 149?
False
Does 440 divide 303160?
True
Does 25 divide 9246600?
True
Is 980 a factor of 436100?
True
Is 187486 a multiple of 105?
False
Does 378 divide 170478?
True
Does 33 divide 342329?
False
Does 878 divide 420195?
False
Is 7 a factor of 4403553?
True
Does 20 divide 251160?
True
Does 219 divide 3999507?
False
Is 14490 a multiple of 35?
True
Is 12617 a multiple of 3?
False
Does 10 divide 3849100?
True
Is 900867 a multiple of 4?
False
Is 957 a factor of 15965631?
True
Is 1822001 a multiple of 6?
False
Is 274 a factor of 646005?
False
Is 105 a factor of 465077?
False
Is 170 a factor of 804442?
False
Is 56 a factor of 282088?
False
Does 949 divide 19381943?
False
Is 110 a factor of 961180?
True
Does 57 divide 714951?
True
Does 26 divide 66557?
False
Is 18148873 a multiple of 8?
False
Does 1055 divide 1161670?
False
Does 15 divide 2463765?
True
Is 124 a factor of 492156?
True
Is 5 a factor of 117090?
True
Is 28 a factor of 62300?
True
Does 723 divide 2915859?
True
Is 1957 a factor of 4495229?
True
Is 38 a factor of 288116?
True
Is 771 a factor of 3047763?
True
Is 109032 a multiple of 77?
True
Is 27 a factor of 65016?
True
Does 89 divide 179476?
False
Is 30753 a multiple of 67?
True
Is 79200 a multiple of 30?
True
Is 30660721 a multiple of 13?
True
Does 98 divide 197862?
True
Does 61 divide 50395?
False
Does 465 divide 5751120?
True
Is 26836475 a multiple of 755?
True
Does 11 divide 845119?
True
Is 21 a factor of 905497?
False
Is 684254 a multiple of 13?
False
Is 45 a factor of 6332515?
False
Is 330 a factor of 213840?
True
Is 15832448 a multiple of 17?
False
Does 18 divide 606816?
True
Is 5993416 a multiple of 62?
True
Is 10 a factor of 627155?
False
Does 16 divide 514320?
True
Is 65566 a multiple of 163?
False
Does 115 divide 208383?
False
Is 6260800 a multiple of 43?
True
Does 84 divide 599491?
False
Does 858 divide 1438942?
False
Is 507390 a multiple of 6?
True
Is 114 a factor of 68309?
False
Does 170 divide 6941780?
True
Is 14 a factor of 375606?
True
Does 303 divide 9836595?
False
Does 3 divide 296154?
True
Is 555428 a multiple of 314?
False
Does 120 divide 896760?
True
Does 838 divide 1767342?
True
Does 5 divide 23065?
True
Is 124956 a multiple of 78?
True
Is 31 a factor of 417784?
False
Is 9 a factor of 21943?
False
Is 14346 a multiple of 4?
False
Is 4 a factor of 82136?
True
Is 144956 a multiple of 124?
True
Is 473 a factor of 278902?
False
Is 21 a factor of 122465?
False
Does 141 divide 1867212?
False
Does 18 divide 377262?
True
Is 14270955 a multiple of 1185?
True
Does 287 divide 168182?
True
Is 10 a factor of 5336294?
False
Does 292 divide 515855?
False
Is 15 a factor of 1156050?
True
Is 196 a factor of 701680?
True
Is 202 a factor of 59186?
True
Is 1241 a factor of 7527906?
True
Is 126 a factor of 2095632?
True
Does 14 divide 3947019?
False
Does 283 divide 1776391?
True
Is 252 a factor of 6848755?
False
Is 2302416 a multiple of 531?
True
Does 141 divide 8938272?
True
Is 143980 a multiple of 250?
False
Is 41 a factor of 583020?
True
Is 1606908 a multiple of 102?
True
Is 497652 a multiple of 226?
True
Is 26 a factor of 4695027?
False
Is 38206 a multiple of 101?
False
Is 1439 a factor of 7702349?
False
Does 4 divide 580088?
True
Does 34 divide 84116?
True
Does 859 divide 5094672?
False
Does 28 divide 3040112?
False
Is 191 a factor of 26410?
False
Does 396 divide 623304?
True
Does 528 divide 1380192?
True
Is 863450 a multiple of 25?
True
Does 71 divide 3980091?
False
Is 4989900 a multiple of 10?
True
Is 57348 a multiple of 18?
True
Is 4 a factor of 44660?
True
Does 19 divide 2355449?
True
Does 20 divide 12687255?
False
Does 5 divide 38528?
False
Is 1694137 a multiple of 291?
False
Is 278 a factor of 1336869?
False
Does 49 divide 1133322?
False
Does 31 divide 507997?
True
Does 16 divide 309131?
False
Does 3 divide 469660?
False
Does 6 divide 647565?
False
Does 16 divide 1363390?
False
Does 60 divide 971823?
False
Is 375 a factor of 761631?
False
Does 331 divide 295562?
False
Does 780 divide 3293160?
True
Is 579 a factor of 4117984?
False
Does 6 divide 695214?
True
Does 157 divide 88928?
False
Is 66 a factor of 2494734?
True
Is 414 a factor of 1392696?
True
Is 7507086 a multiple of 2360?
False
Is 10717792 a multiple of 16?
True
Does 401 divide 873562?
False
Is 867867 a multiple of 187?
True
Does 456 divide 430464?
True
Is 1382136 a multiple of 117?
False
Is 44 a factor of 205260?
True
Does 55 divide 1664190?
True
Does 151 divide 44990?
False
Does 902 divide 1330654?
False
Does 403 divide 97707?
False
Is 589 a factor of 2189313?
True
Does 14 divide 935110?
False
Is 301 a factor of 310632?
True
Is 8 a factor of 32789?
False
Is 3104336 a multiple of 202?
True
Is 66 a factor of 70158?
True
Is 42 a factor of 94878?
True
Is 72 a factor of 225288?
True
Is 6888 a multiple of 123?
True
Is 38 a factor of 4522044?
False
Is 11213743 a multiple of 452?
False
Does 467 divide 173257?
True
Does 109 divide 260324?
False
Is 179282 a multiple of 15?
False
Is 159092 a multiple of 22?
False
Is 4 a factor of 33706?
False
Is 81267 a multiple of 177?
False
Does 10 divide 411995?
False
Is 10 a factor of 361120?
True
Does 77 divide 946?
False
Does 79 divide 316395?
True
Is 510991 a multiple of 347?
False
Does 34 divide 22056174?
True
Is 1073 a factor of 32451812?
True
Does 5 divide 2325?
True
Does 15 divide 1788465?
True
Is 403 a factor of 546065?
True
Does 17 divide 269128?
False
Does 65 divide 2073435?
True
Does 37 divide 3410031?
True
Is 148 a factor of 72050?
False
Is 91632 a multiple of 8?
True
Is 57960 a multiple of 230?
True
Is 137 a factor of 324527?
False
Does 7 divide 331891?
True
Is 97 a factor of 55193?
True
Is 1050471 a multiple of 567?
False
Does 191 divide 1860553?
False
Does 1188 divide 4542912?
True
Is 87 a factor of 101206?
False
Does 13 divide 374621?
True
Is 50 a factor of 143459?
False
Does 659 divide 2680153?
True
Does 42 divide 2066694?
True
Is 73576 a multiple of 9?
False
Is 654738 a multiple of 49?
True
Is 2470172 a multiple of 73?
False
Does 144 divide 759746?
False
Is 673 a factor of 51839?
False
Is 1096 a factor of 778160?
True
Is 111050 a multiple of 20?
False
Is 11 a factor of 27555?
True
Does 106 divide 70278?
True
Is 768534 a multiple of 78?
True
Is 143475 a multiple of 25?
True
Does 223 divide 8772917?
False
Is 1860798 a multiple of 16?
False
Does 10 divide 4987031?
False
Is 5 a factor of 8533?
False
Is 825801 a multiple of 21?
False
Is 24 a factor of 347667?
False
Does 82 divide 184655?
False
Is 1241851 a multiple of 6?
False
Does 117 divide 8908?
False
Is 1012124 a multiple of 401?
True
Does 33 divide 20493?
True
Does 142 divide 101349?
False
Is 2240463 a multiple of 41?
False
Is 32 a factor of 77092?
False
Is 37 a factor of 72520?
True
Does 44 divide 222376?
True
Does 2072 divide 20764676?
False
Does 16 divide 19714544?
True
Is 323 a factor of 13675820?
True
Does 4 divide 9328?
True
Is 17 a factor of 98175?
True
Does 714 divide 31416?
True
Is 2529428 a multiple of 22?
True
Is 13 a factor of 110931?
False
Is 93610 a multiple of 115?
True
Is 3894373 a multiple of 47?
True
Is 2890182 a multiple of 202?
False
Does 8 divide 973018?
False
Does 24 divide 129650?
False
Does 5 divide 141805?
True
Is 29 a factor of 29563?
False
Is 138 a factor of 32016?
True
Does 23 divide 128110?
True
Does 82 divide 201844?
False
Is 60 a factor of 90405?
False
Is 126 a factor of 2523764?
False
Does 66 divide 200640?
True
Is 13 a factor of 1260389